factor of 206622416?
True
Is 63678631 a multiple of 493?
False
Is 1693055070 a multiple of 45?
True
Does 409 divide 47233774?
True
Is 624380031 a multiple of 9?
True
Does 60 divide 394834800?
True
Does 63 divide 47304003?
False
Does 5 divide 59179075?
True
Is 249270971 a multiple of 2558?
False
Is 390228701 a multiple of 158?
False
Does 9 divide 1018290?
False
Is 74765600 a multiple of 1106?
True
Is 20 a factor of 614403140?
True
Does 58 divide 12965647?
False
Does 1066 divide 688657320?
True
Is 117 a factor of 858142467?
True
Is 14934579 a multiple of 2?
False
Does 11 divide 57298912?
True
Is 133 a factor of 20330463?
False
Is 130 a factor of 34351701?
False
Is 26541528 a multiple of 1754?
True
Is 19 a factor of 92187449?
True
Is 1559158620 a multiple of 664?
False
Is 159401008 a multiple of 3224?
True
Is 1316 a factor of 65245964?
True
Is 20 a factor of 3370894640?
True
Does 852 divide 4312824?
True
Is 951 a factor of 55720041?
True
Does 4 divide 127118585?
False
Is 564418 a multiple of 2?
True
Is 254 a factor of 1063015908?
True
Is 426305063 a multiple of 25?
False
Is 1807 a factor of 638207102?
True
Is 4 a factor of 694656?
True
Is 4513 a factor of 58787269?
False
Is 8585914 a multiple of 22?
False
Does 19 divide 159864271?
True
Is 29973921 a multiple of 141?
True
Is 13 a factor of 615519801?
True
Is 47 a factor of 4188640?
True
Is 21 a factor of 26979204?
True
Is 66657473 a multiple of 1290?
False
Is 90685593 a multiple of 595?
False
Is 2559 a factor of 98411463?
True
Does 5 divide 174594590?
True
Is 403552989 a multiple of 545?
False
Is 221480497 a multiple of 5007?
False
Does 122 divide 1868918?
True
Does 935 divide 3691061?
False
Is 6055 a factor of 685740860?
True
Is 28145880 a multiple of 2482?
True
Does 11 divide 46339605?
False
Is 163725835 a multiple of 65?
True
Does 210 divide 29637510?
True
Is 2768222725 a multiple of 772?
False
Is 769 a factor of 2011179944?
False
Does 12 divide 377766096?
True
Is 136 a factor of 2542104112?
True
Is 155 a factor of 156483505?
True
Is 4249180200 a multiple of 134?
True
Does 417 divide 63142549?
False
Does 31 divide 1025467123?
False
Is 1195817376 a multiple of 6?
True
Does 49 divide 987940210?
False
Does 17 divide 3615346127?
False
Is 23 a factor of 424667867?
False
Is 213 a factor of 41437433?
False
Is 95227509 a multiple of 144?
False
Is 797560000 a multiple of 4064?
True
Does 941 divide 120234393?
True
Does 8 divide 408993448?
True
Is 94 a factor of 60647860?
True
Does 1802 divide 191016742?
False
Is 9363900 a multiple of 49?
True
Is 406 a factor of 22034026?
True
Is 48188580 a multiple of 44?
True
Is 12 a factor of 6424645?
False
Does 38 divide 548127189?
False
Is 42 a factor of 59121888?
True
Is 348010845 a multiple of 7?
True
Is 553834 a multiple of 2?
True
Is 30 a factor of 2158860023?
False
Is 4598 a factor of 431393556?
True
Is 24 a factor of 3208560?
True
Does 335 divide 83171154?
False
Does 89 divide 98668604?
True
Is 918288604 a multiple of 9?
False
Is 6076 a factor of 65385871?
False
Does 12 divide 2619492?
True
Is 289439314 a multiple of 493?
True
Is 40 a factor of 649357480?
True
Is 9 a factor of 425178433?
False
Is 2275793304 a multiple of 11?
False
Does 1511 divide 31862457?
True
Does 200 divide 4091600?
True
Is 737684578 a multiple of 43?
False
Is 2421 a factor of 517648721?
False
Is 1234 a factor of 121910562?
True
Is 209504318 a multiple of 1315?
False
Does 1313 divide 448589734?
False
Is 2257403670 a multiple of 790?
True
Is 2992 a factor of 2329466480?
True
Is 19652402 a multiple of 11?
True
Is 572428109 a multiple of 1063?
False
Is 3109395934 a multiple of 12?
False
Is 8 a factor of 13732672?
True
Is 1023817945 a multiple of 3791?
False
Does 1799 divide 338296740?
False
Is 4635710 a multiple of 10?
True
Is 16 a factor of 3734057159?
False
Does 644 divide 341684504?
True
Does 32 divide 15609524?
False
Is 304 a factor of 14403216?
True
Does 2024 divide 208699360?
False
Is 702 a factor of 3367494?
True
Is 10613472 a multiple of 96?
True
Is 421283488 a multiple of 481?
False
Does 45 divide 93818335?
False
Is 438 a factor of 89722997?
False
Is 38 a factor of 81761914?
False
Does 28 divide 765247224?
True
Does 30 divide 7847041?
False
Does 127 divide 29414597?
True
Is 15666152 a multiple of 8?
True
Is 136872945 a multiple of 99?
True
Is 7 a factor of 15591722?
False
Does 15 divide 80651895?
True
Is 26 a factor of 31488976?
False
Does 739 divide 140007245?
True
Is 96401485 a multiple of 9?
False
Is 1251522783 a multiple of 717?
True
Is 236 a factor of 410037160?
False
Is 8 a factor of 495974552?
True
Is 13 a factor of 56030988?
True
Does 12 divide 3737793180?
True
Is 1200 a factor of 257792066?
False
Is 44960208 a multiple of 24?
True
Is 12 a factor of 158043312?
True
Does 84 divide 6421716?
True
Does 2301 divide 70744570?
False
Does 188 divide 204700040?
True
Is 376259466 a multiple of 66?
True
Is 495 a factor of 60330891?
False
Does 592 divide 205373646?
False
Is 146 a factor of 8243160?
True
Is 2676 a factor of 421069588?
False
Is 106991906 a multiple of 2041?
False
Is 123815183 a multiple of 273?
False
Is 823 a factor of 245163759?
False
Is 315 a factor of 63400680?
True
Is 14 a factor of 10412584?
True
Is 147236252 a multiple of 268?
True
Is 724839281 a multiple of 10?
False
Is 730 a factor of 502582983?
False
Is 385548548 a multiple of 22?
True
Is 11 a factor of 131486540?
False
Does 12 divide 1036988834?
False
Is 6958965 a multiple of 1651?
True
Is 13888525 a multiple of 25?
True
Does 309 divide 19904017?
False
Does 53 divide 5139622?
True
Is 2 a factor of 37274081?
False
Does 13 divide 16580928?
True
Is 179 a factor of 9272162?
False
Is 1912 a factor of 70363395?
False
Is 59153451 a multiple of 2?
False
Does 24 divide 100668792?
True
Does 361 divide 2194508348?
False
Is 18415345 a multiple of 73?
True
Is 10777258 a multiple of 47?
False
Is 349951932 a multiple of 3404?
False
Is 2121 a factor of 154582722?
True
Is 227 a factor of 77629460?
True
Is 30184442 a multiple of 4508?
False
Is 4 a factor of 5540536?
True
Is 51 a factor of 19311966?
True
Is 1754747 a multiple of 51?
False
Is 33 a factor of 16492410?
True
Does 63 divide 76673952?
False
Does 363 divide 1092021390?
False
Is 326816946 a multiple of 149?
False
Is 1388656460 a multiple of 35?
False
Is 2576992075 a multiple of 102?
False
Is 405976133 a multiple of 245?
False
Does 16 divide 2502640944?
True
Is 4105156 a multiple of 6?
False
Is 197818599 a multiple of 29?
True
Does 6102 divide 1128992040?
True
Is 30832210 a multiple of 10?
True
Does 2702 divide 462638490?
False
Is 4775 a factor of 390494725?
True
Does 17 divide 1724941720?
True
Is 50 a factor of 81223850?
True
Is 11651232 a multiple of 12?
True
Is 20721557 a multiple of 44?
False
Is 36 a factor of 115773853?
False
Does 5579 divide 454784696?
False
Is 725 a factor of 219754025?
True
Is 112 a factor of 23295214?
False
Does 16 divide 622864?
True
Is 3650 a factor of 386381700?
True
Is 85522147 a multiple of 5279?
False
Does 1919 divide 36709399?
False
Is 21 a factor of 1960707?
True
Is 3143586893 a multiple of 23?
True
Is 1492 a factor of 42267618?
False
Is 12 a factor of 159982577?
False
Is 754 a factor of 39593143?
False
Is 1217080122 a multiple of 6?
True
Does 4 divide 51685088?
True
Is 9 a factor of 296023122?
True
Is 322 a factor of 885210522?
True
Does 561 divide 732939326?
False
Is 27 a factor of 59202441?
True
Is 97971936 a multiple of 45?
False
Is 25671128 a multiple of 1288?
True
Is 20 a factor of 50071920?
True
Is 397933008 a multiple of 16?
True
Does 41 divide 223240900?
True
Is 406 a factor of 20465491?
False
Is 10727390 a multiple of 662?
False
Does 342 divide 1828674?
True
Is 11 a factor of 2369202?
True
Is 101 a factor of 1873759373?
True
Is 688090088 a multiple of 28?
True
Does 275 divide 546395919?
False
Is 1240633 a multiple of 546?
False
Is 21 a factor of 623199927?
True
Does 2309 divide 35787159?
False
Is 41 a factor of 33772684?
True
Does 394 divide 79173878?
False
Does 322 divide 1335677574?
True
Is 543827826 a multiple of 1394?
False
Is 406830507 a multiple of 3648?
False
Does 43 divide 93322026?
False
Does 25 divide 2081625?
True
Does 26 divide 2181686?
True
Is 283 a factor of 60334451?
False
Is 3185460 a multiple of 255?
True
Does